- 0). Let u = s - -3. Suppose -456 = -u*l + 5*w, 0*l - 5*w - 233 = -l. Is l a composite number?
False
Let d = 79 + -14. Suppose 62 + d = i. Is i prime?
True
Suppose 3 = -3*t + 15. Suppose -a + 956 = 2*q + a, t*a + 1880 = 4*q. Is q/4 - 3/(-6) composite?
True
Let y = 21 - 48. Let o = 62 + 0. Let i = y + o. Is i a prime number?
False
Suppose -q = 2, 0 = 2*r + 2*q + 3*q + 10. Suppose 4*k + 4*y - 272 = -r*y, y + 1 = 0. Is k prime?
False
Let m be 0 + 2 + (-1323)/(-3). Let q = m - 239. Suppose 3*w = 4*w + 2*c - 36, -4*w = -4*c - q. Is w composite?
True
Is (-9984)/(-8) + 1/1 a composite number?
False
Let z(q) = 13*q**3 - q**2. Let o be z(1). Suppose 2*a - 42 = -o. Is a prime?
False
Suppose 2*i - 795 = -u, -3*u + u - 1983 = -5*i. Is i a prime number?
True
Let p(q) = 25*q**2 - 35*q + 7. Is p(-6) a composite number?
False
Suppose -2*x + 2*m - 12 = -5*x, 0 = 5*x + 2*m - 16. Let h be -2 + (-1 - -6) - x. Is 46*h*(-1)/(-2) a composite number?
False
Is -5*(-5 - (4 + -6)) prime?
False
Let h(i) be the third derivative of 5*i**4/6 - i**3/3 - 2*i**2. Is h(3) a prime number?
False
Is (-2 + 9950/4)*(-2)/(-3) prime?
True
Let a(r) = 12*r + 5. Is a(12) prime?
True
Suppose 0 = 37*x - 38*x + 1379. Is x a prime number?
False
Suppose 4*k - 4*u = -3*u + 144, -16 = -4*u. Is k a composite number?
False
Suppose 0 = -g - 0 + 1, -29586 = -3*q + 3*g. Is q a composite number?
True
Suppose -4*n = 5*l - 262 + 11, 0 = n - 5*l - 44. Is n a composite number?
False
Let m(t) = -23*t + 8. Is m(-13) composite?
False
Suppose 4*q + 0*b - 2076 = -2*b, 0 = -3*b. Is q a prime number?
False
Is (-6)/(-2)*(-6)/72*-6172 a composite number?
False
Let q(g) = -2*g + 7. Let l(z) = -2*z**3 + z**2 - z - 1. Let u be l(-1). Suppose 5*b - u*b = -12. Is q(b) composite?
False
Suppose -12 = 3*p, 3*o - 149 = 2*p + 84. Let b = 181 - o. Is b composite?
True
Let k(h) = 8*h + 1. Suppose -6*w = 5*l - 3*w - 4, 5*w + 18 = 4*l. Let x be k(l). Suppose -3*d = -58 - x. Is d composite?
True
Let y(t) = 4*t**3 - 3*t**2 - t - 4. Let i(r) = r**3 - r**2 - r - 1. Let l(h) = -3*i(h) + y(h). Let m be l(1). Is m + (1 - (-4 - 0)) composite?
False
Suppose 5*s + 4*k - 651 = 0, 5*s + 3*k - k = 653. Is s prime?
True
Suppose -4*l = -4*o + 16, 4*o - 1 - 17 = 2*l. Let m be 2*6 + (-2)/l. Is (5/m)/((-2)/(-84)) composite?
True
Is (1 - 7)/6 + 698 composite?
True
Suppose 0 = 8*h - 4*h - 1924. Is h a prime number?
False
Let a(y) = y**2 - y + 1. Let v(b) = -17*b**2 + 6*b - 6. Let u(f) = -5*a(f) - v(f). Let o be u(2). Suppose -4*q + o + 227 = 2*j, 5*q = -20. Is j prime?
False
Suppose -2*s + 4*s - 12 = -k, -3*k + 20 = 2*s. Suppose 157 = k*o - 607. Is o composite?
False
Suppose -4*b = b - 1025. Is b composite?
True
Let l(z) = -z**2 + 28*z - 38. Is l(17) composite?
False
Suppose 3*h = 7*p - 2*p + 1061, -2*p - h - 431 = 0. Let y = p - -426. Suppose 0*a - 4*a + y = 0. Is a composite?
False
Let o = 188 - 61. Is o a composite number?
False
Suppose 7*r - 148 = 5*r. Is r prime?
False
Let u(b) = -b + 4. Let t be u(4). Suppose 2*c - 7*c + 8 = n, t = n + 2. Suppose -6*y = -c*y - 812. Is y a composite number?
True
Let s be (-32)/24*69/(-2). Let k = s - 71. Let y = k + 51. Is y composite?
True
Let o(d) = 3*d - 3. Let m be (-1 - -2)/(2/12). Let a = 8 - m. Is o(a) prime?
True
Suppose 0 = -4*g - c + 19, -5*g = 4*c - 53 + 21. Let x(t) = -19*t + 1. Let q be x(g). Let k = -38 - q. Is k prime?
True
Let u(a) = -a**3 - 2*a**2 - 4*a + 3. Let k be u(3). Let p = k - -211. Is p prime?
True
Let s(v) = 2*v - 11. Let d be s(7). Is d*1*(-53)/(-3) a composite number?
False
Suppose 28 = 4*r - 200. Is r a composite number?
True
Let m = -4 + 7. Suppose -m*a + 4 - 1 = 0. Is (a - -2)/(-3) + 38 a composite number?
False
Let j(c) = 2*c**2 - 5. Let s = 6 + 0. Is j(s) a composite number?
False
Suppose -2*h = -2*j - 2 + 6, -4*j + 16 = 4*h. Let t be ((-4)/3)/((-2)/6). Suppose -j*r + f = -486, t*r - 180 = -f + 475. Is r composite?
False
Suppose 3*n - 2 = 2*n. Suppose 0 = -i - 0 + n. Suppose i*s = -g + 133, 3*s - 3*g - 22 = 200. Is s prime?
False
Let j be 2/3 + (-420)/(-45). Let i(b) = b**3 - 10*b**2 + 10*b - 6. Is i(j) composite?
True
Suppose 10*g = 6614 - 304. Is g a composite number?
False
Let o = -3 + 7. Suppose -o*b + 117 = m - 2*b, b + 108 = m. Is m a composite number?
True
Let h(w) = w + 1. Let d be h(4). Suppose 0 = -2*m + d*m - 57. Is m a prime number?
True
Suppose 5*f - 1039 = 1626. Is f prime?
False
Let w = 753 - -584. Is w a composite number?
True
Suppose -2*f + 6 = 0, -4*t + 2*f = -2*f - 8. Suppose t*l + 1 = 16. Suppose r - l*m + 0*m - 167 = 0, -2*r = m - 320. Is r a prime number?
False
Let u = 4902 - -1447. Is u prime?
False
Let a(v) = 23*v + 3. Let r be a(-4). Let u = 20 - r. Let j = u + -72. Is j a prime number?
True
Suppose 4 = 5*c - 1. Let u(s) = 234*s - 1. Is u(c) composite?
False
Suppose 5 = -5*u + 3*c + 2*c, 3*u + 3*c - 27 = 0. Let f(d) = 2*d - 4. Let b(m) = 5*m - 7. Let g(q) = 3*b(q) - 5*f(q). Is g(u) composite?
False
Suppose 149 + 394 = -3*l. Let b = 340 + l. Is b a prime number?
False
Let h(f) = 1447*f**2 - 4*f + 9. Is h(2) a composite number?
True
Suppose 2*v + 0 - 4 = 0. Suppose -v*b = t - 67, -b - 313 = -7*t + 2*t. Suppose -2*n = -t - 7. Is n a composite number?
True
Suppose 0 = -4*q + 3*v + 322 + 823, 3*v = 3. Is q composite?
True
Suppose 2*g - 688 = -4*x - 2*g, -2*x + 316 = -5*g. Suppose -2*h = 3*f - 6*h - 229, 5*h = -2*f + x. Is f composite?
False
Is (16792/(-10))/(-2)*50/20 composite?
False
Suppose -3*r - 5*b - 72 = -5*r, -5*b - 36 = -r. Let i = -3 + r. Is i prime?
False
Let r = 3573 - 1918. Is r prime?
False
Is (0 - (-17721)/13) + 4/(-26) composite?
True
Let s = -99 + 321. Suppose -5*k + s = -2*k. Is k a composite number?
True
Let p(n) be the first derivative of -n**3/3 - 7*n**2 + 2*n - 5. Is p(-11) prime?
False
Suppose 2*z - 10 = -2. Suppose -z*g - 37 = -145. Let t = g - 14. Is t a prime number?
True
Suppose 1713 = 4*g - 35. Is g composite?
True
Let s(b) = -17*b**3 - 2*b - 1. Is s(-2) composite?
False
Is 1*(-5)/(25/(-4105)) prime?
True
Suppose 2*v + 6 = 0, 2*v - 734 = -5*j + 5*v. Is j a prime number?
False
Let z(a) = a + 7. Let v be z(-6). Let c(j) = 8*j - 1. Let x be c(3). Suppose 8 - v = b - 3*h, -b - h + x = 0. Is b composite?
False
Let n be (4 - 3) + (-8)/(-2). Let v(c) = 2 + 2*c**2 - 3*c**2 + 1 - n*c. Is v(-4) prime?
True
Let t = -12 - -11. Let a(d) = -158*d + 1. Is a(t) prime?
False
Let r = -24 + 18. Is (-435)/r - 3/2 a prime number?
True
Suppose -3*s - s = -8. Suppose 3*g + s*g - 265 = 0. Is g composite?
False
Suppose u = 5*u. Suppose 4*v - 3*v - 3 = u. Suppose 0*w - w = -4*d + 47, -4*w = -v*d + 19. Is d prime?
True
Suppose 1624 = 2*l - 1194. Is l composite?
False
Suppose -3*z + 2101 = 5*h, 0 = -4*z + 1 + 7. Is h prime?
True
Let k = 4 + -2. Suppose k = -m - 13. Let n = m + 21. Is n composite?
True
Is 214 - (-3 + (1 - 1)) a composite number?
True
Suppose -2*f + 8 = -14. Is f a prime number?
True
Let b(q) = -16*q**3 - q**2 - 1. Let u be b(-2). Suppose 16*h = 20*h - 900. Suppose -4*v = -h - u. Is v a prime number?
False
Suppose -3*u - 3*h + 583 = -197, -4*u = 2*h - 1034. Is u a prime number?
True
Suppose 0 = 5*k + d + 4 - 27, 5*k - 3*d - 31 = 0. Suppose -6*y + 128 = -3*y + k*l, -y = 4*l - 38. Is y a composite number?
True
Suppose -12*z + 14*z - 7694 = 0. Is z composite?
False
Let x(h) = 8*h**3 - 3*h**2 - h - 1. Let m(d) = -d**3 - 6*d**2 - 6*d - 7. Let y be m(-5). Let o be x(y). Let a = 142 + o. Is a prime?
True
Suppose -i + 5*i = 188. Is i a prime number?
True
Suppose -4*g + 5477 = 1201. Is g a composite number?
False
Suppose 2*j - 5*j + 117 = 0. Is j a prime number?
False
Let g = -18 + 20. Let f = g + 261. Is f a composite number?
False
Suppose 3*z - 9 + 0 = 0. Suppose o - 6*o - z*l = -987, -3*l + 597 = 3*o. Let u = o + -74. Is u composite?
True
Let x be (23/(-2))/((-3)/66). Suppose -275 - x = 4*o. Let n = 187 + o. Is n a composite number?
True
Suppose -3*r - 12 = -6*r. Suppose 6 = -0*b - 2*b, r*z - 337 = -b. Is z a prime number?
False
Suppose -3*l + 507 + 240 = 0. Is l composite?
True
Let s = -19 + 22. Suppose -21 + 343 = 4*k + 3*h, -s*h = 5*k - 401. Is k a composite number?
False
Let r = 7 + -4. Let t(f) = -f + 7. Let w be t(r). Let s = w - -85. Is s a prime number?
True
Suppose 3*h + 3*j - 5*j = 40, 5*h - 4*j - 66 = 0. Is (h - -2) + 2 - -3 a com